{"id":8500,"date":"2026-03-14T02:24:57","date_gmt":"2026-03-14T02:24:57","guid":{"rendered":"https:\/\/seaa.mx\/index.php\/producto\/valvula-de-asiento-angular-neumatica-2-vias-accionamiento-neumatico-simple-efecto-normalmente-cerrada-puerto-1-2-npt-cuerpo-acero-inoxidable-304-actuador-plastico-temperatura-medio-180\/"},"modified":"2026-03-14T05:03:52","modified_gmt":"2026-03-14T05:03:52","slug":"valvula-de-asiento-angular-neumatica-2-vias-accionamiento-neumatico-simple-efecto-normalmente-cerrada-puerto-1-2-npt-cuerpo-acero-inoxidable-304-actuador-plastico-temperatura-medio-180","status":"publish","type":"product","link":"https:\/\/seaa.mx\/index.php\/producto\/valvula-de-asiento-angular-neumatica-2-vias-accionamiento-neumatico-simple-efecto-normalmente-cerrada-puerto-1-2-npt-cuerpo-acero-inoxidable-304-actuador-plastico-temperatura-medio-180\/","title":{"rendered":"V\u00e1lvula de Asiento Angular Neum\u00e1tica 2 V\u00edas \/ Accionamiento Neum\u00e1tico Simple Efecto \/ Normalmente Cerrada \/ Puerto 1\/2&#8243; NPT \/ Cuerpo Acero Inoxidable 304 \/ Actuador Pl\u00e1stico \/ Temperatura Medio +180\u00b0C \/ Presi&#038;oa"},"content":{"rendered":"","protected":false},"excerpt":{"rendered":"","protected":false},"featured_media":8502,"comment_status":"open","ping_status":"closed","template":"","meta":[],"product_brand":[140],"product_cat":[],"product_tag":[],"class_list":{"0":"post-8500","1":"product","2":"type-product","3":"status-publish","4":"has-post-thumbnail","6":"product_brand-titan-automation","8":"first","9":"outofstock","10":"shipping-taxable","11":"purchasable","12":"product-type-simple"},"yoast_head":"<!-- This site is optimized with the Yoast SEO plugin v27.4 - https:\/\/yoast.com\/product\/yoast-seo-wordpress\/ -->\n<title>V\u00e1lvula de Asiento Angular Neum\u00e1tica 2 V\u00edas \/ Accionamiento Neum\u00e1tico Simple Efecto \/ Normalmente Cerrada \/ Puerto 1\/2&quot; NPT \/ Cuerpo Acero Inoxidable 304 \/ Actuador Pl\u00e1stico \/ Temperatura Medio +180\u00b0C \/ Presi&amp;oa - Sean<\/title>\n<meta name=\"robots\" content=\"index, follow, max-snippet:-1, max-image-preview:large, max-video-preview:-1\" \/>\n<link rel=\"canonical\" href=\"https:\/\/seaa.mx\/index.php\/producto\/valvula-de-asiento-angular-neumatica-2-vias-accionamiento-neumatico-simple-efecto-normalmente-cerrada-puerto-1-2-npt-cuerpo-acero-inoxidable-304-actuador-plastico-temperatura-medio-180\/\" \/>\n<meta property=\"og:locale\" content=\"es_ES\" \/>\n<meta property=\"og:type\" content=\"article\" \/>\n<meta property=\"og:title\" content=\"V\u00e1lvula de Asiento Angular Neum\u00e1tica 2 V\u00edas \/ Accionamiento Neum\u00e1tico Simple Efecto \/ Normalmente Cerrada \/ Puerto 1\/2&quot; NPT \/ Cuerpo Acero Inoxidable 304 \/ Actuador Pl\u00e1stico \/ Temperatura Medio +180\u00b0C \/ Presi&amp;oa - Sean\" \/>\n<meta property=\"og:url\" content=\"https:\/\/seaa.mx\/index.php\/producto\/valvula-de-asiento-angular-neumatica-2-vias-accionamiento-neumatico-simple-efecto-normalmente-cerrada-puerto-1-2-npt-cuerpo-acero-inoxidable-304-actuador-plastico-temperatura-medio-180\/\" \/>\n<meta property=\"og:site_name\" content=\"Sean\" \/>\n<meta property=\"article:modified_time\" content=\"2026-03-14T05:03:52+00:00\" \/>\n<meta property=\"og:image\" content=\"https:\/\/seaa.mx\/wp-content\/uploads\/2026\/03\/portada_0S400-294.png\" \/>\n\t<meta property=\"og:image:width\" content=\"213\" \/>\n\t<meta property=\"og:image:height\" content=\"249\" \/>\n\t<meta property=\"og:image:type\" content=\"image\/png\" \/>\n<meta name=\"twitter:card\" content=\"summary_large_image\" \/>\n<script type=\"application\/ld+json\" class=\"yoast-schema-graph\">{\"@context\":\"https:\\\/\\\/schema.org\",\"@graph\":[{\"@type\":\"WebPage\",\"@id\":\"https:\\\/\\\/seaa.mx\\\/index.php\\\/producto\\\/valvula-de-asiento-angular-neumatica-2-vias-accionamiento-neumatico-simple-efecto-normalmente-cerrada-puerto-1-2-npt-cuerpo-acero-inoxidable-304-actuador-plastico-temperatura-medio-180\\\/\",\"url\":\"https:\\\/\\\/seaa.mx\\\/index.php\\\/producto\\\/valvula-de-asiento-angular-neumatica-2-vias-accionamiento-neumatico-simple-efecto-normalmente-cerrada-puerto-1-2-npt-cuerpo-acero-inoxidable-304-actuador-plastico-temperatura-medio-180\\\/\",\"name\":\"V\u00e1lvula de Asiento Angular Neum\u00e1tica 2 V\u00edas \\\/ Accionamiento Neum\u00e1tico Simple Efecto \\\/ Normalmente Cerrada \\\/ Puerto 1\\\/2\\\" NPT \\\/ Cuerpo Acero Inoxidable 304 \\\/ Actuador Pl\u00e1stico \\\/ Temperatura Medio +180\u00b0C \\\/ Presi&oa - Sean\",\"isPartOf\":{\"@id\":\"https:\\\/\\\/seaa.mx\\\/#website\"},\"primaryImageOfPage\":{\"@id\":\"https:\\\/\\\/seaa.mx\\\/index.php\\\/producto\\\/valvula-de-asiento-angular-neumatica-2-vias-accionamiento-neumatico-simple-efecto-normalmente-cerrada-puerto-1-2-npt-cuerpo-acero-inoxidable-304-actuador-plastico-temperatura-medio-180\\\/#primaryimage\"},\"image\":{\"@id\":\"https:\\\/\\\/seaa.mx\\\/index.php\\\/producto\\\/valvula-de-asiento-angular-neumatica-2-vias-accionamiento-neumatico-simple-efecto-normalmente-cerrada-puerto-1-2-npt-cuerpo-acero-inoxidable-304-actuador-plastico-temperatura-medio-180\\\/#primaryimage\"},\"thumbnailUrl\":\"https:\\\/\\\/seaa.mx\\\/wp-content\\\/uploads\\\/2026\\\/03\\\/portada_0S400-294.png\",\"datePublished\":\"2026-03-14T02:24:57+00:00\",\"dateModified\":\"2026-03-14T05:03:52+00:00\",\"breadcrumb\":{\"@id\":\"https:\\\/\\\/seaa.mx\\\/index.php\\\/producto\\\/valvula-de-asiento-angular-neumatica-2-vias-accionamiento-neumatico-simple-efecto-normalmente-cerrada-puerto-1-2-npt-cuerpo-acero-inoxidable-304-actuador-plastico-temperatura-medio-180\\\/#breadcrumb\"},\"inLanguage\":\"es\",\"potentialAction\":[{\"@type\":\"ReadAction\",\"target\":[\"https:\\\/\\\/seaa.mx\\\/index.php\\\/producto\\\/valvula-de-asiento-angular-neumatica-2-vias-accionamiento-neumatico-simple-efecto-normalmente-cerrada-puerto-1-2-npt-cuerpo-acero-inoxidable-304-actuador-plastico-temperatura-medio-180\\\/\"]}]},{\"@type\":\"ImageObject\",\"inLanguage\":\"es\",\"@id\":\"https:\\\/\\\/seaa.mx\\\/index.php\\\/producto\\\/valvula-de-asiento-angular-neumatica-2-vias-accionamiento-neumatico-simple-efecto-normalmente-cerrada-puerto-1-2-npt-cuerpo-acero-inoxidable-304-actuador-plastico-temperatura-medio-180\\\/#primaryimage\",\"url\":\"https:\\\/\\\/seaa.mx\\\/wp-content\\\/uploads\\\/2026\\\/03\\\/portada_0S400-294.png\",\"contentUrl\":\"https:\\\/\\\/seaa.mx\\\/wp-content\\\/uploads\\\/2026\\\/03\\\/portada_0S400-294.png\",\"width\":213,\"height\":249},{\"@type\":\"BreadcrumbList\",\"@id\":\"https:\\\/\\\/seaa.mx\\\/index.php\\\/producto\\\/valvula-de-asiento-angular-neumatica-2-vias-accionamiento-neumatico-simple-efecto-normalmente-cerrada-puerto-1-2-npt-cuerpo-acero-inoxidable-304-actuador-plastico-temperatura-medio-180\\\/#breadcrumb\",\"itemListElement\":[{\"@type\":\"ListItem\",\"position\":1,\"name\":\"Portada\",\"item\":\"https:\\\/\\\/seaa.mx\\\/\"},{\"@type\":\"ListItem\",\"position\":2,\"name\":\"Tienda\",\"item\":\"https:\\\/\\\/seaa.mx\\\/index.php\\\/tienda\\\/\"},{\"@type\":\"ListItem\",\"position\":3,\"name\":\"V\u00e1lvula de Asiento Angular Neum\u00e1tica 2 V\u00edas \\\/ Accionamiento Neum\u00e1tico Simple Efecto \\\/ Normalmente Cerrada \\\/ Puerto 1\\\/2&#8243; NPT \\\/ Cuerpo Acero Inoxidable 304 \\\/ Actuador Pl\u00e1stico \\\/ Temperatura Medio +180\u00b0C \\\/ Presi&#038;oa\"}]},{\"@type\":\"WebSite\",\"@id\":\"https:\\\/\\\/seaa.mx\\\/#website\",\"url\":\"https:\\\/\\\/seaa.mx\\\/\",\"name\":\"Sean\",\"description\":\"Soluciones Electronicas Aplicadas Networking\",\"publisher\":{\"@id\":\"https:\\\/\\\/seaa.mx\\\/#organization\"},\"potentialAction\":[{\"@type\":\"SearchAction\",\"target\":{\"@type\":\"EntryPoint\",\"urlTemplate\":\"https:\\\/\\\/seaa.mx\\\/?s={search_term_string}\"},\"query-input\":{\"@type\":\"PropertyValueSpecification\",\"valueRequired\":true,\"valueName\":\"search_term_string\"}}],\"inLanguage\":\"es\"},{\"@type\":\"Organization\",\"@id\":\"https:\\\/\\\/seaa.mx\\\/#organization\",\"name\":\"Sean\",\"url\":\"https:\\\/\\\/seaa.mx\\\/\",\"logo\":{\"@type\":\"ImageObject\",\"inLanguage\":\"es\",\"@id\":\"https:\\\/\\\/seaa.mx\\\/#\\\/schema\\\/logo\\\/image\\\/\",\"url\":\"https:\\\/\\\/seaa.mx\\\/wp-content\\\/uploads\\\/2026\\\/03\\\/Diseno-sin-titulo-13.png\",\"contentUrl\":\"https:\\\/\\\/seaa.mx\\\/wp-content\\\/uploads\\\/2026\\\/03\\\/Diseno-sin-titulo-13.png\",\"width\":100,\"height\":100,\"caption\":\"Sean\"},\"image\":{\"@id\":\"https:\\\/\\\/seaa.mx\\\/#\\\/schema\\\/logo\\\/image\\\/\"}}]}<\/script>\n<!-- \/ Yoast SEO plugin. -->","yoast_head_json":{"title":"V\u00e1lvula de Asiento Angular Neum\u00e1tica 2 V\u00edas \/ Accionamiento Neum\u00e1tico Simple Efecto \/ Normalmente Cerrada \/ Puerto 1\/2\" NPT \/ Cuerpo Acero Inoxidable 304 \/ Actuador Pl\u00e1stico \/ Temperatura Medio +180\u00b0C \/ Presi&oa - Sean","robots":{"index":"index","follow":"follow","max-snippet":"max-snippet:-1","max-image-preview":"max-image-preview:large","max-video-preview":"max-video-preview:-1"},"canonical":"https:\/\/seaa.mx\/index.php\/producto\/valvula-de-asiento-angular-neumatica-2-vias-accionamiento-neumatico-simple-efecto-normalmente-cerrada-puerto-1-2-npt-cuerpo-acero-inoxidable-304-actuador-plastico-temperatura-medio-180\/","og_locale":"es_ES","og_type":"article","og_title":"V\u00e1lvula de Asiento Angular Neum\u00e1tica 2 V\u00edas \/ Accionamiento Neum\u00e1tico Simple Efecto \/ Normalmente Cerrada \/ Puerto 1\/2\" NPT \/ Cuerpo Acero Inoxidable 304 \/ Actuador Pl\u00e1stico \/ Temperatura Medio +180\u00b0C \/ Presi&oa - Sean","og_url":"https:\/\/seaa.mx\/index.php\/producto\/valvula-de-asiento-angular-neumatica-2-vias-accionamiento-neumatico-simple-efecto-normalmente-cerrada-puerto-1-2-npt-cuerpo-acero-inoxidable-304-actuador-plastico-temperatura-medio-180\/","og_site_name":"Sean","article_modified_time":"2026-03-14T05:03:52+00:00","og_image":[{"width":213,"height":249,"url":"https:\/\/seaa.mx\/wp-content\/uploads\/2026\/03\/portada_0S400-294.png","type":"image\/png"}],"twitter_card":"summary_large_image","schema":{"@context":"https:\/\/schema.org","@graph":[{"@type":"WebPage","@id":"https:\/\/seaa.mx\/index.php\/producto\/valvula-de-asiento-angular-neumatica-2-vias-accionamiento-neumatico-simple-efecto-normalmente-cerrada-puerto-1-2-npt-cuerpo-acero-inoxidable-304-actuador-plastico-temperatura-medio-180\/","url":"https:\/\/seaa.mx\/index.php\/producto\/valvula-de-asiento-angular-neumatica-2-vias-accionamiento-neumatico-simple-efecto-normalmente-cerrada-puerto-1-2-npt-cuerpo-acero-inoxidable-304-actuador-plastico-temperatura-medio-180\/","name":"V\u00e1lvula de Asiento Angular Neum\u00e1tica 2 V\u00edas \/ Accionamiento Neum\u00e1tico Simple Efecto \/ Normalmente Cerrada \/ Puerto 1\/2\" NPT \/ Cuerpo Acero Inoxidable 304 \/ Actuador Pl\u00e1stico \/ Temperatura Medio +180\u00b0C \/ Presi&oa - Sean","isPartOf":{"@id":"https:\/\/seaa.mx\/#website"},"primaryImageOfPage":{"@id":"https:\/\/seaa.mx\/index.php\/producto\/valvula-de-asiento-angular-neumatica-2-vias-accionamiento-neumatico-simple-efecto-normalmente-cerrada-puerto-1-2-npt-cuerpo-acero-inoxidable-304-actuador-plastico-temperatura-medio-180\/#primaryimage"},"image":{"@id":"https:\/\/seaa.mx\/index.php\/producto\/valvula-de-asiento-angular-neumatica-2-vias-accionamiento-neumatico-simple-efecto-normalmente-cerrada-puerto-1-2-npt-cuerpo-acero-inoxidable-304-actuador-plastico-temperatura-medio-180\/#primaryimage"},"thumbnailUrl":"https:\/\/seaa.mx\/wp-content\/uploads\/2026\/03\/portada_0S400-294.png","datePublished":"2026-03-14T02:24:57+00:00","dateModified":"2026-03-14T05:03:52+00:00","breadcrumb":{"@id":"https:\/\/seaa.mx\/index.php\/producto\/valvula-de-asiento-angular-neumatica-2-vias-accionamiento-neumatico-simple-efecto-normalmente-cerrada-puerto-1-2-npt-cuerpo-acero-inoxidable-304-actuador-plastico-temperatura-medio-180\/#breadcrumb"},"inLanguage":"es","potentialAction":[{"@type":"ReadAction","target":["https:\/\/seaa.mx\/index.php\/producto\/valvula-de-asiento-angular-neumatica-2-vias-accionamiento-neumatico-simple-efecto-normalmente-cerrada-puerto-1-2-npt-cuerpo-acero-inoxidable-304-actuador-plastico-temperatura-medio-180\/"]}]},{"@type":"ImageObject","inLanguage":"es","@id":"https:\/\/seaa.mx\/index.php\/producto\/valvula-de-asiento-angular-neumatica-2-vias-accionamiento-neumatico-simple-efecto-normalmente-cerrada-puerto-1-2-npt-cuerpo-acero-inoxidable-304-actuador-plastico-temperatura-medio-180\/#primaryimage","url":"https:\/\/seaa.mx\/wp-content\/uploads\/2026\/03\/portada_0S400-294.png","contentUrl":"https:\/\/seaa.mx\/wp-content\/uploads\/2026\/03\/portada_0S400-294.png","width":213,"height":249},{"@type":"BreadcrumbList","@id":"https:\/\/seaa.mx\/index.php\/producto\/valvula-de-asiento-angular-neumatica-2-vias-accionamiento-neumatico-simple-efecto-normalmente-cerrada-puerto-1-2-npt-cuerpo-acero-inoxidable-304-actuador-plastico-temperatura-medio-180\/#breadcrumb","itemListElement":[{"@type":"ListItem","position":1,"name":"Portada","item":"https:\/\/seaa.mx\/"},{"@type":"ListItem","position":2,"name":"Tienda","item":"https:\/\/seaa.mx\/index.php\/tienda\/"},{"@type":"ListItem","position":3,"name":"V\u00e1lvula de Asiento Angular Neum\u00e1tica 2 V\u00edas \/ Accionamiento Neum\u00e1tico Simple Efecto \/ Normalmente Cerrada \/ Puerto 1\/2&#8243; NPT \/ Cuerpo Acero Inoxidable 304 \/ Actuador Pl\u00e1stico \/ Temperatura Medio +180\u00b0C \/ Presi&#038;oa"}]},{"@type":"WebSite","@id":"https:\/\/seaa.mx\/#website","url":"https:\/\/seaa.mx\/","name":"Sean","description":"Soluciones Electronicas Aplicadas Networking","publisher":{"@id":"https:\/\/seaa.mx\/#organization"},"potentialAction":[{"@type":"SearchAction","target":{"@type":"EntryPoint","urlTemplate":"https:\/\/seaa.mx\/?s={search_term_string}"},"query-input":{"@type":"PropertyValueSpecification","valueRequired":true,"valueName":"search_term_string"}}],"inLanguage":"es"},{"@type":"Organization","@id":"https:\/\/seaa.mx\/#organization","name":"Sean","url":"https:\/\/seaa.mx\/","logo":{"@type":"ImageObject","inLanguage":"es","@id":"https:\/\/seaa.mx\/#\/schema\/logo\/image\/","url":"https:\/\/seaa.mx\/wp-content\/uploads\/2026\/03\/Diseno-sin-titulo-13.png","contentUrl":"https:\/\/seaa.mx\/wp-content\/uploads\/2026\/03\/Diseno-sin-titulo-13.png","width":100,"height":100,"caption":"Sean"},"image":{"@id":"https:\/\/seaa.mx\/#\/schema\/logo\/image\/"}}]}},"_links":{"self":[{"href":"https:\/\/seaa.mx\/index.php\/wp-json\/wp\/v2\/product\/8500","targetHints":{"allow":["GET"]}}],"collection":[{"href":"https:\/\/seaa.mx\/index.php\/wp-json\/wp\/v2\/product"}],"about":[{"href":"https:\/\/seaa.mx\/index.php\/wp-json\/wp\/v2\/types\/product"}],"replies":[{"embeddable":true,"href":"https:\/\/seaa.mx\/index.php\/wp-json\/wp\/v2\/comments?post=8500"}],"wp:featuredmedia":[{"embeddable":true,"href":"https:\/\/seaa.mx\/index.php\/wp-json\/wp\/v2\/media\/8502"}],"wp:attachment":[{"href":"https:\/\/seaa.mx\/index.php\/wp-json\/wp\/v2\/media?parent=8500"}],"wp:term":[{"taxonomy":"product_brand","embeddable":true,"href":"https:\/\/seaa.mx\/index.php\/wp-json\/wp\/v2\/product_brand?post=8500"},{"taxonomy":"product_cat","embeddable":true,"href":"https:\/\/seaa.mx\/index.php\/wp-json\/wp\/v2\/product_cat?post=8500"},{"taxonomy":"product_tag","embeddable":true,"href":"https:\/\/seaa.mx\/index.php\/wp-json\/wp\/v2\/product_tag?post=8500"}],"curies":[{"name":"wp","href":"https:\/\/api.w.org\/{rel}","templated":true}]}}